. List the prime factors of d.
11
Suppose -2*n + 13 + 31 = 0. What are the prime factors of n?
2, 11
Let t(m) = -m**3 + 3*m**2 + 4*m + 3. What are the prime factors of t(4)?
3
Let s = 285 + -166. List the prime factors of s.
7, 17
Let b be 11 - -3 - -2*1. Suppose -b = -n - n. Let x = 14 - n. What are the prime factors of x?
2, 3
Suppose 3*j + 3*u + u - 32 = 0, 4*j = 2*u + 6. Suppose -2*l + 2*h = -3*l + 18, 4*l = j*h + 96. List the prime factors of l.
2, 11
Let q = -352 - -622. List the prime factors of q.
2, 3, 5
Let v(c) = -c + 9. Let i be v(6). Suppose -4*a + 15 = -i*a. List the prime factors of a.
3, 5
Let r = -11 + 7. Let m = 17 + r. What are the prime factors of m?
13
Let d(r) = r**3 + 2*r**2 - 3*r + 2. Let c be d(-3). Suppose -5*l + 3*a = -88, -c*l - 2*a - 12 = -3*l. List the prime factors of l.
2, 5
Suppose w - 6 = 6. Let a = -3 + w. What are the prime factors of a?
3
Suppose 5*n - 10 + 0 = 0. Let w(l) = 4 - 3*l**2 + 1 - 4*l**n - l**3 - 6*l. List the prime factors of w(-6).
5
Let h(r) = -2*r**3 - 25*r**2 - 13*r - 5. What are the prime factors of h(-13)?
3, 37
Let l(d) = -2*d + 4. Let s be l(5). Let t = 18 - 9. List the prime factors of 75/t + 2/s.
2
Let v be (4/(-2))/2 - -3. Let p be 0/((3 + 1)/(-2)). Suppose -5*h - v*c + p*c + 71 = 0, -4*h + 4*c + 40 = 0. What are the prime factors of h?
13
Suppose 3 = -o - 3*d + 8, 0 = -4*o + d + 72. List the prime factors of o.
17
Let d(n) = n**2 - 3. Let p(f) = f + 4. Let m be p(-9). What are the prime factors of d(m)?
2, 11
Let g be (-370)/(-130) + 4/26. Suppose -85 = -2*l + g*d, -3*d - 67 = -l - 20. List the prime factors of l.
2, 19
Let o(v) = -3*v - 2. Let b(k) = 3*k + 1. Let c be b(-4). List the prime factors of o(c).
31
Let d be (-1)/(2/6) - -3. Suppose -4*v - v = d. What are the prime factors of v + (1 - -1)*1?
2
Suppose -18 + 98 = 5*h. What are the prime factors of h?
2
Suppose 5 + 19 = 3*c. Suppose 0 = 3*v - 4*o + c, -v + o = -2*v + 9. What are the prime factors of v?
2
Suppose 2*u - p + 0*p = 346, u + 5*p - 151 = 0. Let f be u/(-4) + 3/(-12). What are the prime factors of (-2)/(-8) - f/4?
11
Suppose -v = -49 + 3. What are the prime factors of v?
2, 23
Suppose 199 = m - 2*b, -713 = -5*m - 4*b + 338. What are the prime factors of m?
3, 23
Let b = 120 - 115. Suppose 2*m - y + 1 + 1 = 0, 0 = 3*y - 6. Suppose m = b*c - 3*c - 20. What are the prime factors of c?
2, 5
Suppose 15*p + 9 = 16*p. What are the prime factors of p?
3
Let c = 456 + -262. List the prime factors of c.
2, 97
Let v be 6*2*1/(-2). Let l = -3 - v. Suppose 2*p + 4*x - 10 = 0, -4*p + 5*x + 56 = -l. What are the prime factors of p?
11
Let b be (-1 - -2)/(1/5). Suppose 0 = 5*h - 21 - 9. Suppose 2*a + 2*s - h*s = 22, -b*s + 20 = 0. What are the prime factors of a?
19
Let y = 269 + -169. Suppose 20 = 5*i - y. List the prime factors of i.
2, 3
Suppose -5*t - 3*f + 69 = -6*f, -t - f = -9. Let y = 0 + t. What are the prime factors of y?
2, 3
Let j(z) = 2*z**2 - 5*z - 3. Let w be j(7). Suppose -k + w = 3*k. What are the prime factors of k?
3, 5
Suppose 8*u = 161 + 47. What are the prime factors of u?
2, 13
Let k(x) be the third derivative of 0 + 0*x + 1/15*x**5 - 3*x**2 + 0*x**4 + 5/6*x**3 - 1/120*x**6. What are the prime factors of k(4)?
5
Let w(t) = -2 - 2*t**3 + 1 - t**3. Let u be w(-1). Suppose -x + 21 = u*x. What are the prime factors of x?
7
Suppose -32 + 3 = -3*f + 2*r, r + 28 = 3*f. Suppose -2*g + f = -g. List the prime factors of g.
3
Let r be 9/(-6)*32/(-6). Suppose -h + 35 = 4*i, 0 = 2*h + r + 2. What are the prime factors of i?
2, 5
Let k = 10 - 3. List the prime factors of k.
7
Suppose 3*j = 2*j + 21. What are the prime factors of j?
3, 7
Suppose -4*r - 3*z + 0*z = -136, 2*r = 5*z + 68. What are the prime factors of r?
2, 17
Let b(l) = -l - 16. Let j be b(0). Let h = j - -5. List the prime factors of 0 - (-1 - -2)*h.
11
Let y be ((-2)/4)/((-1)/4). Let h(n) = -3*n - 1. Let l be h(y). What are the prime factors of l/(2 + -5 + 2)?
7
Let o = 344 + -183. List the prime factors of o.
7, 23
Suppose 0*p + 88 = -4*p. What are the prime factors of p/(-2) + 0/(-4)?
11
Let z = -28 + 46. Suppose 5*b - z = 2*b. List the prime factors of b.
2, 3
Let v(f) = 9*f - 1 - 1 - 3 - f**2. Let c(z) = z - 2. Let d be c(7). List the prime factors of v(d).
3, 5
Suppose -2*j + 16 = r + 2*j, j - 61 = -5*r. List the prime factors of r.
2, 3
Suppose 4 = o + o. Let i = o - 2. List the prime factors of 2 - (i/(-2))/(-1).
2
Suppose -2*m - k + 13 + 4 = 0, 5*m - 25 = k. List the prime factors of m.
2, 3
Let a = 248 + 28. What are the prime factors of (-4)/(-8) + a/8?
5, 7
Let w(f) = -f. Let x be w(2). Let l be ((96/x)/(-3))/(-1). Let d = l - -27. List the prime factors of d.
11
Let p = -294 - -528. List the prime factors of p.
2, 3, 13
Let f be (1/3)/((-3)/9). Let g = -1 - f. List the prime factors of (-5)/(g + (-1)/1).
5
Let w(g) = -4*g - g + 6 - 3 + g**2. Let o be w(3). What are the prime factors of (24 + -3)*(-1)/o?
7
Let a = 8 + 7. What are the prime factors of ((-21)/a + 1)*-15?
2, 3
Let g(o) = -10*o - 4. Let t be g(-4). Let a be t/10*60/9. Suppose 6*x - 4*x = a. What are the prime factors of x?
2, 3
Let a be -3 + 1 + (-2)/(-1). Let t = 11 - a. What are the prime factors of t?
11
Let s(c) be the first derivative of 5*c**3/3 + c**2 - 3*c + 4. What are the prime factors of s(2)?
3, 7
Suppose q - 4*b = 41, -81 = -4*q - 5*b + 20. What are the prime factors of q?
29
Suppose 9*g - 220 = 4*g. List the prime factors of g.
2, 11
Let b(h) = 2*h**3 - 3*h**2 + 4*h + 25. List the prime factors of b(6).
373
Let d(g) = -g**3 - 4*g**2 + g. What are the prime factors of d(-5)?
2, 5
Suppose t - p - 12 = -0*t, -4*t + 5*p + 52 = 0. Let m = 5 - 3. Suppose -3*v + 4*j = -28, 0 = -m*v - 4*j + t + 4. List the prime factors of v.
2
Let g = -9 - -12. Suppose p + 1 = 0, 4*r - g*p - 19 = -0*p. Suppose -3*a - 3*k = -3, -3*k - 10 = -r*a + 8. What are the prime factors of a?
3
Suppose 0*l = v - 3*l - 3, 5*v = 3*l + 15. Suppose -4*p - 3 = -f, -6*p + 9 = v*f - 3*p. List the prime factors of f.
3
Let u be (21/15 + -2)*-5. Suppose u*w = -2*t + 13, t - 15 = -t - 5*w. Suppose 55 = t*p - 3*d, p - 5 = -d + 6. What are the prime factors of p?
11
What are the prime factors of (-2 - 0 - -33) + 5/5?
2
List the prime factors of -4 - (2*-13 + -4).
2, 13
Let h be (9/3)/3*0. Suppose -5*b + 3*m = -b - 20, -b - 3*m + 5 = h. List the prime factors of b.
5
Suppose 1 = c + 3*a, -4*c + c + 4*a - 10 = 0. Let f = c - -3. Suppose -b + f - 4 = -2*j, -4*b + 3 = -3*j. List the prime factors of b.
3
Let h be (-1 - 0 - -1)/1. Suppose h*o - 4 = -o. List the prime factors of o.
2
Let a = 11 + 1. Suppose -2*u - 5*b = 21, -u + a = -0*u - 2*b. Suppose -2*s = 6, -4*n + u*s - 12 = -54. List the prime factors of n.
3
Suppose 2*a - 4*m = 3*a + 18, -5*m = a + 20. Let c = -4 - a. What are the prime factors of c?
2, 3
What are the prime factors of (-3 + -134)/((-2)/(4/2))?
137
Let y = -41 - -60. Let n = 35 - y. List the prime factors of n.
2
Let b(j) = j**3 - 6*j**2 + 6*j + 1. What are the prime factors of b(6)?
37
Suppose -13 = -3*z + 4*p + 7, -4*z - p + 14 = 0. Suppose -1 + 4 = -3*f, -f - 57 = -z*d. What are the prime factors of d?
2, 7
Let h(u) = 2*u + 3. Let y be h(6). Suppose -4*l - l - y = 0. List the prime factors of 2/(-4)*54/l.
3
Let h = 22 - 8. What are the prime factors of h?
2, 7
Let o be (-392)/(-22) + 10/55. Suppose -2*u + 28 = -o. List the prime factors of u.
23
Let o = 3 - 7. Let f = 7 - o. What are the prime factors of f?
11
List the prime factors of 5*-2*(-65)/10.
5, 13
Suppose -3*g + 5*b + 60 = 0, 2*b - 3*b = 2*g - 53. Let t be (-1)/(-5) - (-1645)/g. Suppose 9 = 5*m - t. List the prime factors of m.
3, 5
Let v = 23 - 42. Let h = v + 31. What are the prime factors of h?
2, 3
Suppose 1 = -2*u + 7. Suppose -7*y - 5*c = -4*y + u, 8 = 5*y + 4*c. Suppose -61 = -y*j - 21. List the prime factors of j.
2, 5
Suppose 5*k = 2*n + 2*n + 13, 4*n - 22 = -2*k. Suppose -5*h - 10 = 0, -26 = 2*m - n*m - h. What are the prime factors of m?
2, 7
Let i(p) = -p - 1. Let d be i(-4). Let f(a) = -4 + 3*a + 0 - a**2 + 4*a. What are the prime factors of f(d)?
2
Let r(v) = -4*v + 2. Let z be r(-2). List the prime factors of z + (12/(-3))/2.
2
Suppose 0 = h - 4 - 1. List the prime factors of (h*1)/(9/27).
3, 5
Let r = 1 + 4. Suppose 